{"id":1985,"date":"2024-09-29T16:21:53","date_gmt":"2024-09-29T13:21:53","guid":{"rendered":"https:\/\/validthemes.net\/themeforest\/wp\/dustra\/?page_id=14"},"modified":"2024-09-30T13:58:01","modified_gmt":"2024-09-30T10:58:01","slug":"home-one","status":"publish","type":"page","link":"https:\/\/zafereminnakliyat.com.tr\/","title":{"rendered":"Home One"},"content":{"rendered":"\t\t<div data-elementor-type=\"wp-page\" data-elementor-id=\"1985\" class=\"elementor elementor-1985\">\n\t\t\t\t\t\t<section class=\"elementor-section elementor-top-section elementor-element elementor-element-1e2d8535 elementor-section-full_width elementor-section-stretched elementor-section-height-default elementor-section-height-default\" data-id=\"1e2d8535\" data-element_type=\"section\" data-settings=\"{&quot;stretch_section&quot;:&quot;section-stretched&quot;}\">\n\t\t\t\t\t\t<div class=\"elementor-container elementor-column-gap-no\">\n\t\t\t\t\t<div class=\"elementor-column elementor-col-100 elementor-top-column elementor-element elementor-element-3ab65613\" data-id=\"3ab65613\" data-element_type=\"column\">\n\t\t\t<div class=\"elementor-widget-wrap elementor-element-populated\">\n\t\t\t\t\t\t<div class=\"elementor-element elementor-element-7a434fee elementor-widget elementor-widget-singlebannerslider\" data-id=\"7a434fee\" data-element_type=\"widget\" data-widget_type=\"singlebannerslider.default\">\n\t\t\t\t<div class=\"elementor-widget-container\">\n\t\t\t    <!-- Start Banner \r\n    ============================================= -->\r\n    <div class=\"banner-area inc-content shadow shape default\">\r\n        <div id=\"bootcarousel\" class=\"carousel slide text-light carousel-fade animate_text\" data-ride=\"carousel\">\r\n\r\n            <!-- Indicators for slides -->\r\n            <div class=\"carousel-indicator\">\r\n                <ol class=\"carousel-indicators\">\r\n                \t            \t<li data-target=\"#bootcarousel\" data-slide-to=\"0\" class=\"active\"><\/li>\r\n\t                            <\/ol>\r\n            <\/div>\r\n\r\n            <!-- Wrapper for slides -->\r\n            <div class=\"carousel-inner carousel-zoom\">\r\n            \t                <div class=\"carousel-item active\">\r\n                    <div class=\"slider-thumb bg-cover\" style=\"background-image: url(https:\/\/zafereminnakliyat.com.tr\/wp-content\/uploads\/2024\/09\/esfon1.jpg);\"><\/div>\r\n                    <div class=\"box-table\">\r\n                        <div class=\"box-cell\">\r\n                            <div class=\"container\">\r\n                                <div class=\"row\">\r\n                                    <div class=\"col-lg-8\">\r\n                                        <div class=\"content\">\r\n                                        \t\r\n                                            <h2 data-animation=\"animated slideInLeft\">Yeni Nesil<br>\nUluslararas\u0131 Nakliyat<\/h2>\r\n                                                                                                                            \r\n                                        <\/div>\r\n                                    <\/div>\r\n                                <\/div>\r\n                            <\/div>\r\n                        <\/div>\r\n                    <\/div>\r\n                <\/div>\r\n                   \r\n               \r\n            <\/div>\r\n            <!-- End Wrapper for slides -->\r\n        <\/div>\r\n    <\/div>\r\n    <!-- End Banner --> \r\n\r\n\t\t\t<\/div>\n\t\t\t\t<\/div>\n\t\t\t\t\t<\/div>\n\t\t<\/div>\n\t\t\t\t\t<\/div>\n\t\t<\/section>\n\t\t\t\t<section class=\"elementor-section elementor-top-section elementor-element elementor-element-66b02d05 elementor-section-full_width elementor-section-stretched elementor-section-height-default elementor-section-height-default\" data-id=\"66b02d05\" data-element_type=\"section\" data-settings=\"{&quot;stretch_section&quot;:&quot;section-stretched&quot;}\">\n\t\t\t\t\t\t<div class=\"elementor-container elementor-column-gap-no\">\n\t\t\t\t\t<div class=\"elementor-column elementor-col-100 elementor-top-column elementor-element elementor-element-f5b763e\" data-id=\"f5b763e\" data-element_type=\"column\">\n\t\t\t<div class=\"elementor-widget-wrap elementor-element-populated\">\n\t\t\t\t\t\t<div class=\"elementor-element elementor-element-474bd551 elementor-widget elementor-widget-about\" data-id=\"474bd551\" data-element_type=\"widget\" data-widget_type=\"about.default\">\n\t\t\t\t<div class=\"elementor-widget-container\">\n\t\t\t    <!-- Start Our About\r\n    ============================================= -->\r\n    <div class=\"about-area overflow-hidden shape-box default-padding\" >\r\n    \t <!-- Fixed Shape -->\r\n        <div class=\"fixed-shape\">\r\n            <img decoding=\"async\" src=\"https:\/\/zafereminnakliyat.com.tr\/wp-content\/uploads\/2024\/09\/1.png\" alt=\"dustra\">\r\n        <\/div>\r\n        <!-- End Fixed Shape -->\r\n        <div class=\"container\">\r\n            <div class=\"about-box\">\r\n                <div class=\"row align-center\">\r\n                    <div class=\"col-lg-6 thumb-left\">\r\n                        <div class=\"thumb\">\r\n                        \t                        \t\t<img decoding=\"async\" class=\"item-mousemove\" src=\"https:\/\/zafereminnakliyat.com.tr\/wp-content\/uploads\/2024\/09\/zafer-emin-lojistik.jpg\" alt=\"dustra\">\r\n                            \t\t\r\n                           \r\n                                                    <\/div>\r\n                    <\/div>\r\n                    <div class=\"col-lg-6 info\">\r\n                        <h2>Neden Zafer Emin Nakliyat<\/h2>\nFirmam\u0131z, yurt i\u00e7i ve yurt d\u0131\u015f\u0131 ta\u015f\u0131mac\u0131l\u0131k sekt\u00f6r\u00fcnde, uzun y\u0131llara dayanan tecr\u00fcbemizle hizmet sunan bir lojistik firmas\u0131d\u0131r. Konteyner ta\u015f\u0131mac\u0131l\u0131\u011f\u0131, parsiyel ta\u015f\u0131mac\u0131l\u0131k, frigo ve tenteli ta\u015f\u0131mac\u0131l\u0131k alanlar\u0131nda uzmanla\u015farak, m\u00fc\u015fterilerimizin ihtiya\u00e7lar\u0131na en uygun \u00e7\u00f6z\u00fcmleri sunuyoruz. \u0130ster yurt i\u00e7i, ister yurt d\u0131\u015f\u0131 ta\u015f\u0131mac\u0131l\u0131k olsun, t\u00fcm operasyonlar\u0131m\u0131zda y\u00fcksek g\u00fcvenlik standartlar\u0131na ve h\u0131zl\u0131 teslimat ilkesine ba\u011fl\u0131 kalarak, en de\u011ferli y\u00fcklerinizi zaman\u0131nda ve sorunsuz bir \u015fekilde hedeflerine ula\u015ft\u0131r\u0131yoruz. Modern ara\u00e7 filomuz ve uzman kadromuz ile sekt\u00f6rde g\u00fcvenilir bir i\u015f orta\u011f\u0131 olmaktan gurur duyuyoruz\n<ul>\n \t<li>7\/24 M\u00fc\u015fteri Temsilcisi<\/li>\n \t<li>Euro\/5 ve Euro\/6 standartlar\u0131nda \u00d6z mal ara\u00e7 filosu<\/li>\n \t<li>100 d\u00f6n\u00fcm \u00fczerine kurulu konteyner sahas\u0131<\/li>\n<\/ul>                        <div class=\"bottom\">\r\n                        \t                            <div class=\"call\">\r\n                                <div class=\"icon\">\r\n                                \t<a href=\"tel:+9032423320\u00a001\">\r\n                                                                                <i class=\"flaticon-telephone\"><\/i>\r\n                                    \t                                    \t                                        <div class=\"contact\">\r\n                                            <h4>+90 324 233 20\u00a001<\/h4>\r\n                                            <span>Hemen bizi aray\u0131n.<\/span>\r\n                                        <\/div>\r\n                                    <\/a>\r\n                                <\/div>\r\n                            <\/div>\r\n                                                        \t                            <div class=\"button\">\r\n\t                                <a class=\"btn btn-theme effect btn-md\" href=\"https:\/\/zafereminnakliyat.com.tr\/index.php\/about-us\/\">Hakk\u0131m\u0131zda<\/a>\r\n\t                            <\/div>\r\n                        \t                        <\/div>\r\n                    <\/div>\r\n                <\/div>\r\n            <\/div>\r\n        <\/div>\r\n    <\/div>\r\n    <!-- End Our About -->\r\n\r\n\t\t\t<\/div>\n\t\t\t\t<\/div>\n\t\t\t\t\t<\/div>\n\t\t<\/div>\n\t\t\t\t\t<\/div>\n\t\t<\/section>\n\t\t\t\t<section class=\"elementor-section elementor-top-section elementor-element elementor-element-2bd1ca50 elementor-section-full_width elementor-section-stretched elementor-section-height-default elementor-section-height-default\" data-id=\"2bd1ca50\" data-element_type=\"section\" data-settings=\"{&quot;stretch_section&quot;:&quot;section-stretched&quot;}\">\n\t\t\t\t\t\t<div class=\"elementor-container elementor-column-gap-no\">\n\t\t\t\t\t<div class=\"elementor-column elementor-col-100 elementor-top-column elementor-element elementor-element-e27b2ce\" data-id=\"e27b2ce\" data-element_type=\"column\">\n\t\t\t<div class=\"elementor-widget-wrap elementor-element-populated\">\n\t\t\t\t\t\t<div class=\"elementor-element elementor-element-3948836a elementor-widget elementor-widget-services\" data-id=\"3948836a\" data-element_type=\"widget\" data-widget_type=\"services.default\">\n\t\t\t\t<div class=\"elementor-widget-container\">\n\t\t\t\t\t<!-- Start Services Area\r\n\t    ============================================= -->\r\n\t    <div class=\"services-area default-padding-top\">\r\n\t        <div class=\"container\">\r\n\t            <div class=\"services-style-three\">\r\n\t                <div class=\"row\">\r\n\t                    <div class=\"col-lg-4 col-md-6 service-item-style-three\">\r\n\t                        <h6>Zafer Emin Nakliyat<\/h6>\r\n\t                        <h2>Hizmetlerimiz<\/h2>\r\n\t                    <\/div>\r\n\t                    \t                    <div class=\"col-lg-4 col-md-6 service-item-style-three\">\r\n\t                        <div class=\"thumb\" style=\"background: url(https:\/\/zafereminnakliyat.com.tr\/wp-content\/uploads\/2021\/10\/zafer-ust.jpg);\"><\/div>\r\n\t                                                \t\t<img decoding=\"async\" src=\"https:\/\/wasagro.com.tr\/wp-content\/uploads\/2021\/10\/1.png\">\r\n                        \t                        \t                        \t\t<i class=\"flaticon-house\"><\/i>\r\n                        \t                        \t                        \t\t<i class=\"flaticon-crane\"><\/i>\r\n                        \t\t                        <h4><a href=\"https:\/\/zafereminnakliyat.com.tr\/index.php\/service\/81-2\/\">Karayolu Ta\u015f\u0131mac\u0131l\u0131\u011f\u0131<\/a><\/h4>\r\n\t                        <p>\r\n\t                           Zafer Emin Nakliyat olarak, uluslararas\u0131 karayolu ta\u015f\u0131mac\u0131l\u0131\u011f\u0131nda uzmanla\u015fm\u0131\u015f bir lojistik firmas\u0131y\u0131z. Avrupa, Asya ve Orta Do\u011fu \u00fclkelerine\t                        <\/p>\r\n\t                    <\/div>\r\n\t                    \t                    <div class=\"col-lg-4 col-md-6 service-item-style-three\">\r\n\t                        <div class=\"thumb\" style=\"background: url(https:\/\/zafereminnakliyat.com.tr\/wp-content\/uploads\/2021\/10\/zafer-ust.jpg);\"><\/div>\r\n\t                                                \t\t<img decoding=\"async\" src=\"https:\/\/wasagro.com.tr\/wp-content\/uploads\/2021\/10\/1.png\">\r\n                        \t                        \t                        \t\t<i class=\"icofont-truck\"><\/i>\r\n                        \t                        \t                        \t\t<i class=\"flaticon-factory\"><\/i>\r\n                        \t\t                        <h4><a href=\"https:\/\/zafereminnakliyat.com.tr\/index.php\/service\/konteyner-tasimaciligi\/\">Konteyner Ta\u015f\u0131mac\u0131l\u0131\u011f\u0131<\/a><\/h4>\r\n\t                        <p>\r\n\t                           Konteyner ta\u015f\u0131mac\u0131l\u0131\u011f\u0131, modern lojistik ve uluslararas\u0131 ticaretin vazge\u00e7ilmez bir par\u00e7as\u0131d\u0131r. Zafer Emin Nakliyat olarak, yurt i\u00e7i ve\t                        <\/p>\r\n\t                    <\/div>\r\n\t                    \t                <\/div>\r\n\t            <\/div>\r\n\t        <\/div>\r\n\t    <\/div>\r\n\t    <!-- End Services -->\r\n\t\t\t<\/div>\n\t\t\t\t<\/div>\n\t\t\t\t\t<\/div>\n\t\t<\/div>\n\t\t\t\t\t<\/div>\n\t\t<\/section>\n\t\t\t\t<section class=\"elementor-section elementor-top-section elementor-element elementor-element-7f42b0b6 elementor-section-boxed elementor-section-height-default elementor-section-height-default\" data-id=\"7f42b0b6\" data-element_type=\"section\">\n\t\t\t\t\t\t<div class=\"elementor-container elementor-column-gap-default\">\n\t\t\t\t\t<div class=\"elementor-column elementor-col-100 elementor-top-column elementor-element elementor-element-3d67fd38\" data-id=\"3d67fd38\" data-element_type=\"column\">\n\t\t\t<div class=\"elementor-widget-wrap elementor-element-populated\">\n\t\t\t\t\t\t<div class=\"elementor-element elementor-element-b82502 elementor-widget-divider--view-line elementor-widget elementor-widget-divider\" data-id=\"b82502\" data-element_type=\"widget\" data-widget_type=\"divider.default\">\n\t\t\t\t<div class=\"elementor-widget-container\">\n\t\t\t\t\t<div class=\"elementor-divider\">\n\t\t\t<span class=\"elementor-divider-separator\">\n\t\t\t\t\t\t<\/span>\n\t\t<\/div>\n\t\t\t\t<\/div>\n\t\t\t\t<\/div>\n\t\t\t\t\t<\/div>\n\t\t<\/div>\n\t\t\t\t\t<\/div>\n\t\t<\/section>\n\t\t\t\t<\/div>\n\t\t","protected":false},"excerpt":{"rendered":"<p>Yeni Nesil Uluslararas\u0131 Nakliyat Neden Zafer Emin Nakliyat Firmam\u0131z, yurt i\u00e7i ve yurt d\u0131\u015f\u0131 ta\u015f\u0131mac\u0131l\u0131k sekt\u00f6r\u00fcnde, uzun y\u0131llara dayanan tecr\u00fcbemizle hizmet sunan bir lojistik firmas\u0131d\u0131r. Konteyner ta\u015f\u0131mac\u0131l\u0131\u011f\u0131, parsiyel ta\u015f\u0131mac\u0131l\u0131k, frigo ve tenteli ta\u015f\u0131mac\u0131l\u0131k alanlar\u0131nda uzmanla\u015farak, m\u00fc\u015fterilerimizin ihtiya\u00e7lar\u0131na en uygun \u00e7\u00f6z\u00fcmleri sunuyoruz. \u0130ster yurt i\u00e7i, ister yurt d\u0131\u015f\u0131 ta\u015f\u0131mac\u0131l\u0131k olsun, t\u00fcm operasyonlar\u0131m\u0131zda y\u00fcksek g\u00fcvenlik standartlar\u0131na ve [&hellip;]<\/p>\n","protected":false},"author":1,"featured_media":0,"parent":0,"menu_order":0,"comment_status":"closed","ping_status":"closed","template":"elementor_header_footer","meta":{"footnotes":""},"class_list":["post-1985","page","type-page","status-publish","hentry"],"_links":{"self":[{"href":"https:\/\/zafereminnakliyat.com.tr\/index.php\/wp-json\/wp\/v2\/pages\/1985","targetHints":{"allow":["GET"]}}],"collection":[{"href":"https:\/\/zafereminnakliyat.com.tr\/index.php\/wp-json\/wp\/v2\/pages"}],"about":[{"href":"https:\/\/zafereminnakliyat.com.tr\/index.php\/wp-json\/wp\/v2\/types\/page"}],"author":[{"embeddable":true,"href":"https:\/\/zafereminnakliyat.com.tr\/index.php\/wp-json\/wp\/v2\/users\/1"}],"replies":[{"embeddable":true,"href":"https:\/\/zafereminnakliyat.com.tr\/index.php\/wp-json\/wp\/v2\/comments?post=1985"}],"version-history":[{"count":13,"href":"https:\/\/zafereminnakliyat.com.tr\/index.php\/wp-json\/wp\/v2\/pages\/1985\/revisions"}],"predecessor-version":[{"id":2115,"href":"https:\/\/zafereminnakliyat.com.tr\/index.php\/wp-json\/wp\/v2\/pages\/1985\/revisions\/2115"}],"wp:attachment":[{"href":"https:\/\/zafereminnakliyat.com.tr\/index.php\/wp-json\/wp\/v2\/media?parent=1985"}],"curies":[{"name":"wp","href":"https:\/\/api.w.org\/{rel}","templated":true}]}}