{"id":199,"date":"2024-09-29T14:46:05","date_gmt":"2024-09-29T11:46:05","guid":{"rendered":"https:\/\/validthemes.net\/themeforest\/wp\/dustra\/?page_id=199"},"modified":"2024-09-30T13:42:53","modified_gmt":"2024-09-30T10:42:53","slug":"about-us","status":"publish","type":"page","link":"https:\/\/zafereminnakliyat.com.tr\/index.php\/about-us\/","title":{"rendered":"Hakk\u0131m\u0131zda"},"content":{"rendered":"\t\t<div data-elementor-type=\"wp-page\" data-elementor-id=\"199\" class=\"elementor elementor-199\">\n\t\t\t\t\t\t<section class=\"elementor-section elementor-top-section elementor-element elementor-element-d2e76d4 elementor-section-full_width elementor-section-stretched elementor-section-height-default elementor-section-height-default\" data-id=\"d2e76d4\" data-element_type=\"section\" data-settings=\"{&quot;stretch_section&quot;:&quot;section-stretched&quot;}\">\n\t\t\t\t\t\t<div class=\"elementor-container elementor-column-gap-no\">\n\t\t\t\t\t<div class=\"elementor-column elementor-col-100 elementor-top-column elementor-element elementor-element-4b8534a\" data-id=\"4b8534a\" data-element_type=\"column\">\n\t\t\t<div class=\"elementor-widget-wrap elementor-element-populated\">\n\t\t\t\t\t\t<div class=\"elementor-element elementor-element-7dc233c elementor-widget elementor-widget-about\" data-id=\"7dc233c\" data-element_type=\"widget\" data-widget_type=\"about.default\">\n\t\t\t\t<div class=\"elementor-widget-container\">\n\t\t\t    <!-- Start Our About\r\n    ============================================= -->\r\n    <div class=\"about-area overflow-hidden shape-box default-padding\" >\r\n    \t <!-- Fixed Shape -->\r\n        <div class=\"fixed-shape\">\r\n            <img decoding=\"async\" src=\"https:\/\/zafereminnakliyat.com.tr\/wp-content\/themes\/dustra\/assets\/img\/shape\/1.png\" alt=\"dustra\">\r\n        <\/div>\r\n        <!-- End Fixed Shape -->\r\n        <div class=\"container\">\r\n            <div class=\"about-box\">\r\n                <div class=\"row align-center\">\r\n                    <div class=\"col-lg-6 thumb-left\">\r\n                        <div class=\"thumb\">\r\n                        \t                        \t\t<img decoding=\"async\" class=\"item-mousemove\" src=\"https:\/\/zafereminnakliyat.com.tr\/wp-content\/uploads\/2024\/09\/zaafer-emin.jpg\" alt=\"dustra\">\r\n                            \t\t\r\n                           \r\n                                                    <\/div>\r\n                    <\/div>\r\n                    <div class=\"col-lg-6 info\">\r\n                        <p>Zafer Emin Nakliyat olarak, lojistik ve ta\u015f\u0131mac\u0131l\u0131k sekt\u00f6r\u00fcnde y\u0131llar\u0131n tecr\u00fcbesiyle m\u00fc\u015fterilerimize g\u00fcvenilir, h\u0131zl\u0131 ve \u00e7\u00f6z\u00fcm odakl\u0131 hizmetler sunmaktay\u0131z. Yurt i\u00e7i ve yurt d\u0131\u015f\u0131 ta\u015f\u0131mac\u0131l\u0131k alanlar\u0131nda geni\u015f bir yelpazeye sahip olan firmam\u0131z, konteyner ta\u015f\u0131mac\u0131l\u0131\u011f\u0131, parsiyel ta\u015f\u0131mac\u0131l\u0131k ve tenteli ta\u015f\u0131mac\u0131l\u0131k gibi hizmetleri ba\u015far\u0131yla ger\u00e7ekle\u015ftirmektedir.<\/p><p>G\u00fc\u00e7l\u00fc ara\u00e7 filomuz, modern teknolojilerle donat\u0131lm\u0131\u015f altyap\u0131m\u0131z ve profesyonel ekibimizle, m\u00fc\u015fterilerimizin ihtiya\u00e7lar\u0131n\u0131 en iyi \u015fekilde kar\u015f\u0131lamay\u0131 ama\u00e7l\u0131yoruz. Ta\u015f\u0131mac\u0131l\u0131k s\u00fcrecinin her a\u015famas\u0131nda \u015feffafl\u0131k ve g\u00fcven sunarak, her y\u00fck\u00fcn de\u011ferini biliyor ve en iyi ko\u015fullarda ta\u015f\u0131nmas\u0131n\u0131 sa\u011fl\u0131yoruz.<\/p>                        <div class=\"bottom\">\r\n                        \t                            <div class=\"call\">\r\n                                <div class=\"icon\">\r\n                                \t<a href=\"tel:+9032423320\u00a001\">\r\n                                                                                <i class=\"flaticon-telephone\"><\/i>\r\n                                    \t                                    \t                                        <div class=\"contact\">\r\n                                            <h4>+90 324 233 20\u00a001<\/h4>\r\n                                            <span>Hemen Aray\u0131n<\/span>\r\n                                        <\/div>\r\n                                    <\/a>\r\n                                <\/div>\r\n                            <\/div>\r\n                                                        \t                            <div class=\"button\">\r\n\t                                <a class=\"btn btn-theme effect btn-md\" href=\"https:\/\/zafereminnakliyat.com.tr\/index.php\/iletisim\">Bize Ula\u015f\u0131n<\/a>\r\n\t                            <\/div>\r\n                        \t                        <\/div>\r\n                    <\/div>\r\n                <\/div>\r\n            <\/div>\r\n        <\/div>\r\n    <\/div>\r\n    <!-- End Our About -->\r\n\r\n\t\t\t<\/div>\n\t\t\t\t<\/div>\n\t\t\t\t\t<\/div>\n\t\t<\/div>\n\t\t\t\t\t<\/div>\n\t\t<\/section>\n\t\t\t\t<\/div>\n\t\t","protected":false},"excerpt":{"rendered":"<p>Zafer Emin Nakliyat olarak, lojistik ve ta\u015f\u0131mac\u0131l\u0131k sekt\u00f6r\u00fcnde y\u0131llar\u0131n tecr\u00fcbesiyle m\u00fc\u015fterilerimize g\u00fcvenilir, h\u0131zl\u0131 ve \u00e7\u00f6z\u00fcm odakl\u0131 hizmetler sunmaktay\u0131z. Yurt i\u00e7i ve yurt d\u0131\u015f\u0131 ta\u015f\u0131mac\u0131l\u0131k alanlar\u0131nda geni\u015f bir yelpazeye sahip olan firmam\u0131z, konteyner ta\u015f\u0131mac\u0131l\u0131\u011f\u0131, parsiyel ta\u015f\u0131mac\u0131l\u0131k ve tenteli ta\u015f\u0131mac\u0131l\u0131k gibi hizmetleri ba\u015far\u0131yla ger\u00e7ekle\u015ftirmektedir. G\u00fc\u00e7l\u00fc ara\u00e7 filomuz, modern teknolojilerle donat\u0131lm\u0131\u015f altyap\u0131m\u0131z ve profesyonel ekibimizle, m\u00fc\u015fterilerimizin ihtiya\u00e7lar\u0131n\u0131 en [&hellip;]<\/p>\n","protected":false},"author":1,"featured_media":0,"parent":0,"menu_order":0,"comment_status":"closed","ping_status":"closed","template":"page-template\/dustra-template.php","meta":{"footnotes":""},"class_list":["post-199","page","type-page","status-publish","hentry"],"_links":{"self":[{"href":"https:\/\/zafereminnakliyat.com.tr\/index.php\/wp-json\/wp\/v2\/pages\/199","targetHints":{"allow":["GET"]}}],"collection":[{"href":"https:\/\/zafereminnakliyat.com.tr\/index.php\/wp-json\/wp\/v2\/pages"}],"about":[{"href":"https:\/\/zafereminnakliyat.com.tr\/index.php\/wp-json\/wp\/v2\/types\/page"}],"author":[{"embeddable":true,"href":"https:\/\/zafereminnakliyat.com.tr\/index.php\/wp-json\/wp\/v2\/users\/1"}],"replies":[{"embeddable":true,"href":"https:\/\/zafereminnakliyat.com.tr\/index.php\/wp-json\/wp\/v2\/comments?post=199"}],"version-history":[{"count":5,"href":"https:\/\/zafereminnakliyat.com.tr\/index.php\/wp-json\/wp\/v2\/pages\/199\/revisions"}],"predecessor-version":[{"id":2075,"href":"https:\/\/zafereminnakliyat.com.tr\/index.php\/wp-json\/wp\/v2\/pages\/199\/revisions\/2075"}],"wp:attachment":[{"href":"https:\/\/zafereminnakliyat.com.tr\/index.php\/wp-json\/wp\/v2\/media?parent=199"}],"curies":[{"name":"wp","href":"https:\/\/api.w.org\/{rel}","templated":true}]}}